{"id":463,"date":"2018-03-01T08:26:44","date_gmt":"2018-03-01T07:26:44","guid":{"rendered":"https:\/\/angh.net\/abstracts\/?page_id=463"},"modified":"2025-10-15T13:41:19","modified_gmt":"2025-10-15T11:41:19","slug":"accueil","status":"publish","type":"page","link":"https:\/\/angh.net\/abstracts\/","title":{"rendered":"Accueil"},"content":{"rendered":"<p>Bienvenue dans le module des r\u00e9sum\u00e9s soumis au congr\u00e8s<\/p>\n","protected":false},"excerpt":{"rendered":"<p>Bienvenue dans le module des r\u00e9sum\u00e9s soumis au congr\u00e8s<\/p>\n","protected":false},"author":2,"featured_media":0,"parent":0,"menu_order":0,"comment_status":"closed","ping_status":"closed","template":"","meta":{"_exactmetrics_skip_tracking":false,"_exactmetrics_sitenote_active":false,"_exactmetrics_sitenote_note":"","_exactmetrics_sitenote_category":0,"footnotes":""},"class_list":["post-463","page","type-page","status-publish","hentry"],"yoast_head":"<!-- This site is optimized with the Yoast SEO plugin v27.2 - https:\/\/yoast.com\/product\/yoast-seo-wordpress\/ -->\n<title>Accueil - Abstracts des congr\u00e8s de l&#039;ANGH - %<\/title>\n<meta name=\"description\" content=\"ANGH R\u00e9sum\u00e9s congr\u00e8s H\u00e9patologie Gastroent\u00e9romogie Hepatology Gastroenterology Etudes cliniques Clinical study\" \/>\n<meta name=\"robots\" content=\"index, follow, max-snippet:-1, max-image-preview:large, max-video-preview:-1\" \/>\n<link rel=\"canonical\" href=\"https:\/\/angh.net\/abstracts\/\" \/>\n<meta property=\"og:locale\" content=\"fr_FR\" \/>\n<meta property=\"og:type\" content=\"article\" \/>\n<meta property=\"og:title\" content=\"Accueil - Abstracts des congr\u00e8s de l&#039;ANGH - %\" \/>\n<meta property=\"og:description\" content=\"ANGH R\u00e9sum\u00e9s congr\u00e8s H\u00e9patologie Gastroent\u00e9romogie Hepatology Gastroenterology Etudes cliniques Clinical study\" \/>\n<meta property=\"og:url\" content=\"https:\/\/angh.net\/abstracts\/\" \/>\n<meta property=\"og:site_name\" content=\"Abstracts des congr\u00e8s de l&#039;ANGH\" \/>\n<meta property=\"article:publisher\" content=\"https:\/\/www.facebook.com\/ANGH-2136322560030484\/\" \/>\n<meta property=\"article:modified_time\" content=\"2025-10-15T11:41:19+00:00\" \/>\n<meta name=\"twitter:card\" content=\"summary_large_image\" \/>\n<meta name=\"twitter:label1\" content=\"Dur\u00e9e de lecture estim\u00e9e\" \/>\n\t<meta name=\"twitter:data1\" content=\"1 minute\" \/>\n<script type=\"application\/ld+json\" class=\"yoast-schema-graph\">{\"@context\":\"https:\/\/schema.org\",\"@graph\":[{\"@type\":\"WebPage\",\"@id\":\"https:\/\/angh.net\/abstracts\/\",\"url\":\"https:\/\/angh.net\/abstracts\/\",\"name\":\"Accueil - Abstracts des congr\u00e8s de l&#039;ANGH - %\",\"isPartOf\":{\"@id\":\"https:\/\/angh.net\/abstracts\/#website\"},\"datePublished\":\"2018-03-01T07:26:44+00:00\",\"dateModified\":\"2025-10-15T11:41:19+00:00\",\"description\":\"ANGH R\u00e9sum\u00e9s congr\u00e8s H\u00e9patologie Gastroent\u00e9romogie Hepatology Gastroenterology Etudes cliniques Clinical study\",\"breadcrumb\":{\"@id\":\"https:\/\/angh.net\/abstracts\/#breadcrumb\"},\"inLanguage\":\"fr-FR\",\"potentialAction\":[{\"@type\":\"ReadAction\",\"target\":[\"https:\/\/angh.net\/abstracts\/\"]}]},{\"@type\":\"BreadcrumbList\",\"@id\":\"https:\/\/angh.net\/abstracts\/#breadcrumb\",\"itemListElement\":[{\"@type\":\"ListItem\",\"position\":1,\"name\":\"Accueil\",\"item\":\"https:\/\/angh.net\/abstracts\/\"},{\"@type\":\"ListItem\",\"position\":2,\"name\":\"Accueil\"}]},{\"@type\":\"WebSite\",\"@id\":\"https:\/\/angh.net\/abstracts\/#website\",\"url\":\"https:\/\/angh.net\/abstracts\/\",\"name\":\"Abstracts des congr\u00e8s de l&#039;ANGH\",\"description\":\"Base de donn\u00e9es des abstracts du congr\u00e8s depuis 2003\",\"publisher\":{\"@id\":\"https:\/\/angh.net\/abstracts\/#organization\"},\"potentialAction\":[{\"@type\":\"SearchAction\",\"target\":{\"@type\":\"EntryPoint\",\"urlTemplate\":\"https:\/\/angh.net\/abstracts\/?s={search_term_string}\"},\"query-input\":{\"@type\":\"PropertyValueSpecification\",\"valueRequired\":true,\"valueName\":\"search_term_string\"}}],\"inLanguage\":\"fr-FR\"},{\"@type\":\"Organization\",\"@id\":\"https:\/\/angh.net\/abstracts\/#organization\",\"name\":\"ANGH\",\"url\":\"https:\/\/angh.net\/abstracts\/\",\"logo\":{\"@type\":\"ImageObject\",\"inLanguage\":\"fr-FR\",\"@id\":\"https:\/\/angh.net\/abstracts\/#\/schema\/logo\/image\/\",\"url\":\"https:\/\/angh.net\/abstracts\/wp-content\/uploads\/sites\/2\/2018\/10\/logo_angh_2018_-48px.jpg\",\"contentUrl\":\"https:\/\/angh.net\/abstracts\/wp-content\/uploads\/sites\/2\/2018\/10\/logo_angh_2018_-48px.jpg\",\"width\":48,\"height\":18,\"caption\":\"ANGH\"},\"image\":{\"@id\":\"https:\/\/angh.net\/abstracts\/#\/schema\/logo\/image\/\"},\"sameAs\":[\"https:\/\/www.facebook.com\/ANGH-2136322560030484\/\"]}]}<\/script>\n<!-- \/ Yoast SEO plugin. -->","yoast_head_json":{"title":"Accueil - Abstracts des congr\u00e8s de l&#039;ANGH - %","description":"ANGH R\u00e9sum\u00e9s congr\u00e8s H\u00e9patologie Gastroent\u00e9romogie Hepatology Gastroenterology Etudes cliniques Clinical study","robots":{"index":"index","follow":"follow","max-snippet":"max-snippet:-1","max-image-preview":"max-image-preview:large","max-video-preview":"max-video-preview:-1"},"canonical":"https:\/\/angh.net\/abstracts\/","og_locale":"fr_FR","og_type":"article","og_title":"Accueil - Abstracts des congr\u00e8s de l&#039;ANGH - %","og_description":"ANGH R\u00e9sum\u00e9s congr\u00e8s H\u00e9patologie Gastroent\u00e9romogie Hepatology Gastroenterology Etudes cliniques Clinical study","og_url":"https:\/\/angh.net\/abstracts\/","og_site_name":"Abstracts des congr\u00e8s de l&#039;ANGH","article_publisher":"https:\/\/www.facebook.com\/ANGH-2136322560030484\/","article_modified_time":"2025-10-15T11:41:19+00:00","twitter_card":"summary_large_image","twitter_misc":{"Dur\u00e9e de lecture estim\u00e9e":"1 minute"},"schema":{"@context":"https:\/\/schema.org","@graph":[{"@type":"WebPage","@id":"https:\/\/angh.net\/abstracts\/","url":"https:\/\/angh.net\/abstracts\/","name":"Accueil - Abstracts des congr\u00e8s de l&#039;ANGH - %","isPartOf":{"@id":"https:\/\/angh.net\/abstracts\/#website"},"datePublished":"2018-03-01T07:26:44+00:00","dateModified":"2025-10-15T11:41:19+00:00","description":"ANGH R\u00e9sum\u00e9s congr\u00e8s H\u00e9patologie Gastroent\u00e9romogie Hepatology Gastroenterology Etudes cliniques Clinical study","breadcrumb":{"@id":"https:\/\/angh.net\/abstracts\/#breadcrumb"},"inLanguage":"fr-FR","potentialAction":[{"@type":"ReadAction","target":["https:\/\/angh.net\/abstracts\/"]}]},{"@type":"BreadcrumbList","@id":"https:\/\/angh.net\/abstracts\/#breadcrumb","itemListElement":[{"@type":"ListItem","position":1,"name":"Accueil","item":"https:\/\/angh.net\/abstracts\/"},{"@type":"ListItem","position":2,"name":"Accueil"}]},{"@type":"WebSite","@id":"https:\/\/angh.net\/abstracts\/#website","url":"https:\/\/angh.net\/abstracts\/","name":"Abstracts des congr\u00e8s de l&#039;ANGH","description":"Base de donn\u00e9es des abstracts du congr\u00e8s depuis 2003","publisher":{"@id":"https:\/\/angh.net\/abstracts\/#organization"},"potentialAction":[{"@type":"SearchAction","target":{"@type":"EntryPoint","urlTemplate":"https:\/\/angh.net\/abstracts\/?s={search_term_string}"},"query-input":{"@type":"PropertyValueSpecification","valueRequired":true,"valueName":"search_term_string"}}],"inLanguage":"fr-FR"},{"@type":"Organization","@id":"https:\/\/angh.net\/abstracts\/#organization","name":"ANGH","url":"https:\/\/angh.net\/abstracts\/","logo":{"@type":"ImageObject","inLanguage":"fr-FR","@id":"https:\/\/angh.net\/abstracts\/#\/schema\/logo\/image\/","url":"https:\/\/angh.net\/abstracts\/wp-content\/uploads\/sites\/2\/2018\/10\/logo_angh_2018_-48px.jpg","contentUrl":"https:\/\/angh.net\/abstracts\/wp-content\/uploads\/sites\/2\/2018\/10\/logo_angh_2018_-48px.jpg","width":48,"height":18,"caption":"ANGH"},"image":{"@id":"https:\/\/angh.net\/abstracts\/#\/schema\/logo\/image\/"},"sameAs":["https:\/\/www.facebook.com\/ANGH-2136322560030484\/"]}]}},"_links":{"self":[{"href":"https:\/\/angh.net\/abstracts\/wp-json\/wp\/v2\/pages\/463","targetHints":{"allow":["GET"]}}],"collection":[{"href":"https:\/\/angh.net\/abstracts\/wp-json\/wp\/v2\/pages"}],"about":[{"href":"https:\/\/angh.net\/abstracts\/wp-json\/wp\/v2\/types\/page"}],"author":[{"embeddable":true,"href":"https:\/\/angh.net\/abstracts\/wp-json\/wp\/v2\/users\/2"}],"replies":[{"embeddable":true,"href":"https:\/\/angh.net\/abstracts\/wp-json\/wp\/v2\/comments?post=463"}],"version-history":[{"count":13,"href":"https:\/\/angh.net\/abstracts\/wp-json\/wp\/v2\/pages\/463\/revisions"}],"predecessor-version":[{"id":2446,"href":"https:\/\/angh.net\/abstracts\/wp-json\/wp\/v2\/pages\/463\/revisions\/2446"}],"wp:attachment":[{"href":"https:\/\/angh.net\/abstracts\/wp-json\/wp\/v2\/media?parent=463"}],"curies":[{"name":"wp","href":"https:\/\/api.w.org\/{rel}","templated":true}]}}