{"id":15,"date":"2018-09-18T16:32:04","date_gmt":"2018-09-18T14:32:04","guid":{"rendered":"https:\/\/angh.net\/congres\/?page_id=15"},"modified":"2025-06-04T13:17:12","modified_gmt":"2025-06-04T11:17:12","slug":"tarifs","status":"publish","type":"page","link":"https:\/\/angh.net\/congres\/tarifs\/","title":{"rendered":"Tarifs"},"content":{"rendered":"<h2 class=\"post-title\">Tarifs<\/h2>\n<div class=\"post-content\">\n<div class=\"post-content\">\n<p><span style=\"color: #339966;\"><strong><u>I &#8211; Droits d\u2019inscription<\/u><\/strong><\/span><\/p>\n<p><strong>1\/<\/strong> En raison de l\u2019augmentation du remboursement des frais p\u00e9dagogiques, des frais de repas et des indemnit\u00e9s de nuit\u00e9e fix\u00e9e par l\u2019arr\u00eat\u00e9 du 20 septembre 2023 (ANFH), il a \u00e9t\u00e9 d\u00e9cid\u00e9 de r\u00e9percuter cette augmentation sur le tarif d\u2019inscription au congr\u00e8s.<\/p>\n<ul>\n<li>Frais p\u00e9dagogiques <strong>150 \u20ac<\/strong><\/li>\n<li>Repas <strong>20 \u20ac<\/strong> par repas<\/li>\n<li>H\u00e9bergement <strong>120 \u20ac<\/strong> (indemnit\u00e9 par nuit).<\/li>\n<\/ul>\n<p>Ces frais sont <u>remboursables par le budget FMC<\/u> des \u00e9tablissements publics de sant\u00e9 si vous en faites la demande <span style=\"color: #ff0000;\"><strong>en amont<\/strong><\/span> aupr\u00e8s du <u>service de formation continue de votre h\u00f4pital<\/u>.<\/p>\n<p>Les suppl\u00e9ments au-del\u00e0 de ces tarifs incluent la participation aux frais de l\u2019accompagnant.<\/p>\n<p><span style=\"color: #ff0000;\">Pour ceux qui auraient un h\u00e9bergement choisissez le forfait correspondant \u00e0 votre participation et\u00a0<strong>retirez 120 euros.<\/strong><\/span><\/p>\n<p><strong>2\/<\/strong> Vous ne pouvez vous inscrire au Congr\u00e8s <strong>QUE si vous \u00eates \u00e0 jour<\/strong> de votre <strong>cotisation ANGH 2025<\/strong>.<\/p>\n<p>La cotisation ANGH 2025 est de <strong>40\u20ac<\/strong>. Elle est \u00e0 r\u00e9gler par carte bancaire via HelloAsso (<a href=\"https:\/\/angh.net\/adhesion\/cotisation\/\">lien pour payer sa cotisation en ligne<\/a>) ou par ch\u00e8que s\u00e9par\u00e9 \u00e0 l\u2019ordre de l\u2019ANGH\u00a0 \u00e0 envoyer \u00e0 :<br \/>\n<em>Mme Soizic BLANLEUIL &#8211; \u00a0CHIC Cr\u00e9teil Service de Gastroent\u00e9rologie 40, avenue de Verdun 94010 CRETEIL Cedex.<\/em><\/p>\n<p><span style=\"color: #339966;\"><strong><u>II &#8211; Forfaits \u00e0 titre indicatif<\/u><\/strong><\/span><\/p>\n<p><strong>Sans accompagnant<\/strong><\/p>\n<p><em>Forfait 1<\/em> &#8211;\u00a0 pour 1 personne seule, 1 nuit = <strong>330 euros<\/strong><\/p>\n<p>(Frais p\u00e9dagogiques 150\u20ac, 3 repas congressiste 60\u20ac, H\u00e9bergement 120\u20ac)<\/p>\n<p><strong>Avec accompagnant :<\/strong><\/p>\n<p><em>Forfait 3<\/em> &#8211;\u00a0 pour 1 personne + accompagnant(e), 1 nuit = <strong>370 euros<\/strong><\/p>\n<p>Frais p\u00e9dagogiques 150\u20ac, 3 repas congressiste 60\u20ac, H\u00e9bergement 120\u20ac<\/p>\n<p>+ 2 repas accompagnant \u00e0 40\u20ac<\/p>\n<p><em>Forfait 3<\/em> &#8211; <em>membres CA\/CS<\/em><strong> &#8211;<\/strong> 1 personne + accompagnant(e), 1 nuit = <strong>410 euros<\/strong><\/p>\n<p>Frais p\u00e9dagogiques 150\u20ac, 3 repas 60\u20ac, H\u00e9bergement 120\u20ac<\/p>\n<p>+ repas CA 30\u20ac + repas accompagnant 50\u20ac<\/p>\n<p><span style=\"color: #339966;\"><strong><u>III &#8211; Comment m\u2019inscrire au Congr\u00e8s ?<\/u><\/strong><\/span><\/p>\n<p>Votre inscription au Congr\u00e8s se fait en ligne sur le lien suivant :<\/p>\n<p style=\"text-align: center;\"><a href=\"https:\/\/angh.net\/congres\/inscription-congres-angh\/\"><span style=\"color: #3366ff;\"><strong> JE M&rsquo;INSCRIS au 33\u00e8me CONGRES DE L&rsquo;ANGH<\/strong><\/span><\/a><\/p>\n<p>Vous devez IMPERATIVEMENT\u00a0vous inscrire <span style=\"color: #ff0000;\"><strong>avant le vendredi 22 ao\u00fbt 2025<\/strong><\/span>\u00a0AVEC LE REGLEMENT des droits d\u2019inscription ce qui permettra de r\u00e9server votre nuit\u00e9e.<\/p>\n<p><span style=\"color: #339966;\"><strong><u>IV &#8211; Comment r\u00e9gler votre inscription?<\/u><\/strong><\/span><\/p>\n<p>1\/ <em>En ligne lors de votre inscription<\/em><\/p>\n<p>Si vous souhaitez r\u00e9gler directement en ligne, \u00e0 la fin de votre inscription en ligne un lien sp\u00e9cifique de paiement est pr\u00e9vu apr\u00e8s votre enregistrement \u00e0 cet effet via HelloAsso. Attention, HelloAsso va vous demander de potentiellement soutenir leur association par un don\u00a0(l\u2019utilisation du service carte n\u2019est pas factur\u00e9 \u00e0 l\u2019ANGH\u2026); vous pouvez choisir de ne pas faire de don en mettant bien le curseur sur 0 \u20ac.<\/p>\n<p>2\/ <em>Par ch\u00e8que<\/em><\/p>\n<p>Total \u00e0 r\u00e9gler : ________\u20ac Ch\u00e8que <strong>\u00e0 l\u2019ordre<\/strong> de \u00ab ANGH Congr\u00e8s \u00bb<\/p>\n<p>A envoyer \u00e0\u00a0:<\/p>\n<p><em>Mme Soizic BLANLEUIL &#8211; \u00a0CHIC Cr\u00e9teil Service de Gastroent\u00e9rologie 40, avenue de Verdun 94010 CRETEIL Cedex.<\/em><\/p>\n<p>3\/ <em>Par virement bancaire<\/em><\/p>\n<p><a href=\"https:\/\/angh.net\/congres\/wp-content\/uploads\/sites\/4\/2019\/02\/Rib-ANGH.png\">RIB ANGH congr\u00e8s<\/a><\/p>\n<p><span style=\"color: #339966;\"><strong><u>V &#8211; Infos sur les possibilit\u00e9s de remboursement<\/u><\/strong><\/span><\/p>\n<p>Afin de vous rembourser vos frais de transports engag\u00e9s pour vous rendre au congr\u00e8s, merci d\u2019adresser vos justificatifs directement par mail au secr\u00e9tariat (secretariat@angh.net)<\/p>\n<p>\u2013 S\u2019il s\u2019agit de billets de train, envoyer soit la facture SNCF, soit les billets o\u00f9 est mentionn\u00e9 le prix<\/p>\n<p>\u2013 S\u2019il s\u2019agit d\u2019un d\u00e9placement en v\u00e9hicule personnel, sp\u00e9cifier la distance parcourue (\u00e0 l\u2019aide de Google Maps par exemple). Le tarif de remboursement applicable est de 0,40\u20ac du km, avec un plafond\u00a0de remboursement fix\u00e9 \u00e0 200\u20ac par le conseil d\u2019administration.<\/p>\n<p>Dans tous les cas, joignez \u00e9galement un RIB afin d\u2019effectuer un remboursement par virement, qui sera plus rapide.<\/p>\n<\/div>\n<p><strong>Pour toute demande d&rsquo;informations compl\u00e9mentaires, vous pouvez contacter le secr\u00e9tariat de l&rsquo;ANGH par mail <a href=\"mailto:secretariat@angh.net\">secretariat@angh.net<\/a><\/strong><\/p>\n<\/div>\n","protected":false},"excerpt":{"rendered":"<p>Tarifs I &#8211; Droits d\u2019inscription 1\/ En raison de l\u2019augmentation du remboursement des frais p\u00e9dagogiques, des frais de repas et des indemnit\u00e9s de nuit\u00e9e fix\u00e9e par l\u2019arr\u00eat\u00e9 du 20 septembre 2023 (ANFH), il a \u00e9t\u00e9 d\u00e9cid\u00e9 de r\u00e9percuter cette augmentation sur le tarif d\u2019inscription au congr\u00e8s. Frais p\u00e9dagogiques 150 \u20ac Repas 20 \u20ac par repas &hellip; <a href=\"https:\/\/angh.net\/congres\/tarifs\/\" class=\"more-link\">Continuer la lecture<span class=\"screen-reader-text\"> de &laquo;&nbsp;Tarifs&nbsp;&raquo;<\/span><\/a><\/p>\n","protected":false},"author":1,"featured_media":0,"parent":0,"menu_order":9,"comment_status":"closed","ping_status":"closed","template":"","meta":{"footnotes":""},"class_list":["post-15","page","type-page","status-publish","hentry"],"_links":{"self":[{"href":"https:\/\/angh.net\/congres\/wp-json\/wp\/v2\/pages\/15","targetHints":{"allow":["GET"]}}],"collection":[{"href":"https:\/\/angh.net\/congres\/wp-json\/wp\/v2\/pages"}],"about":[{"href":"https:\/\/angh.net\/congres\/wp-json\/wp\/v2\/types\/page"}],"author":[{"embeddable":true,"href":"https:\/\/angh.net\/congres\/wp-json\/wp\/v2\/users\/1"}],"replies":[{"embeddable":true,"href":"https:\/\/angh.net\/congres\/wp-json\/wp\/v2\/comments?post=15"}],"version-history":[{"count":15,"href":"https:\/\/angh.net\/congres\/wp-json\/wp\/v2\/pages\/15\/revisions"}],"predecessor-version":[{"id":764,"href":"https:\/\/angh.net\/congres\/wp-json\/wp\/v2\/pages\/15\/revisions\/764"}],"wp:attachment":[{"href":"https:\/\/angh.net\/congres\/wp-json\/wp\/v2\/media?parent=15"}],"curies":[{"name":"wp","href":"https:\/\/api.w.org\/{rel}","templated":true}]}}