{"id":9,"date":"2018-09-18T16:28:39","date_gmt":"2018-09-18T14:28:39","guid":{"rendered":"https:\/\/angh.net\/congres\/?page_id=9"},"modified":"2025-06-16T18:06:20","modified_gmt":"2025-06-16T16:06:20","slug":"programme","status":"publish","type":"page","link":"https:\/\/angh.net\/congres\/programme\/","title":{"rendered":"Programme"},"content":{"rendered":"\n<h3 class=\"wp-block-heading\"><span style=\"color: #3366ff;\"><b>Voici le Programme scientifique du Congr\u00e8s de Perpignan 2025 !<\/b><\/span><\/h3>\n\n\n\n<p>Cette ann\u00e9e, 10 Cas cliniques, 12 Communications originales, 4 Conf\u00e9rences et une session de \u2018Pratiques professionnelles\u2019 sur la transition enfant\/adulte sont \u00e0 retrouver sur le Programme scientifique du Congr\u00e8s disponible ci-dessous.<\/p>\n\n\n\n<p>N\u2019oubliez pas de faire participer vos Internes et Assistants \u00e0 la 4\u00e8me \u00e9dition de l\u2019&nbsp;<strong>\u00ab&nbsp;Atelier pratique&nbsp;\u00bb de l\u2019ANGH<\/strong>&nbsp;qui leur est destin\u00e9. Il aura lieu le vendredi 12 septembre entre 11h et 12h30 et sera anim\u00e9 par les Dre Camille BARRAULT (Cr\u00e9teil) et Pre H\u00e9l\u00e8ne DONNADIEU (Montpellier). Il aura pour th\u00e8me cette ann\u00e9e les \u00ab\u00a0<strong>D\u00e9pendances tabac et alcool dans les maladies digestives<\/strong>\u00ab\u00a0.<\/p>\n\n\n\n<p>Pour acc\u00e9der au d\u00e9tail, <strong>t\u00e9l\u00e9chargez le Programme<\/strong> !<\/p>\n\n\n\n<figure class=\"wp-block-image size-large\"><a href=\"https:\/\/angh.net\/congres\/wp-content\/uploads\/sites\/4\/2025\/06\/Programme.pdf\"><img loading=\"lazy\" decoding=\"async\" width=\"240\" height=\"222\" src=\"https:\/\/angh.net\/congres\/wp-content\/uploads\/sites\/4\/2018\/09\/demandez-le-programme.jpg\" alt=\"\" class=\"wp-image-364\"\/><\/a><\/figure>\n","protected":false},"excerpt":{"rendered":"<p>Voici le Programme scientifique du Congr\u00e8s de Perpignan 2025 ! Cette ann\u00e9e, 10 Cas cliniques, 12 Communications originales, 4 Conf\u00e9rences et une session de \u2018Pratiques professionnelles\u2019 sur la transition enfant\/adulte sont \u00e0 retrouver sur le Programme scientifique du Congr\u00e8s disponible ci-dessous. N\u2019oubliez pas de faire participer vos Internes et Assistants \u00e0 la 4\u00e8me \u00e9dition de &hellip; <a href=\"https:\/\/angh.net\/congres\/programme\/\" class=\"more-link\">Continuer la lecture<span class=\"screen-reader-text\"> de &laquo;&nbsp;Programme&nbsp;&raquo;<\/span><\/a><\/p>\n","protected":false},"author":1,"featured_media":0,"parent":0,"menu_order":7,"comment_status":"closed","ping_status":"closed","template":"","meta":{"footnotes":""},"class_list":["post-9","page","type-page","status-publish","hentry"],"_links":{"self":[{"href":"https:\/\/angh.net\/congres\/wp-json\/wp\/v2\/pages\/9","targetHints":{"allow":["GET"]}}],"collection":[{"href":"https:\/\/angh.net\/congres\/wp-json\/wp\/v2\/pages"}],"about":[{"href":"https:\/\/angh.net\/congres\/wp-json\/wp\/v2\/types\/page"}],"author":[{"embeddable":true,"href":"https:\/\/angh.net\/congres\/wp-json\/wp\/v2\/users\/1"}],"replies":[{"embeddable":true,"href":"https:\/\/angh.net\/congres\/wp-json\/wp\/v2\/comments?post=9"}],"version-history":[{"count":38,"href":"https:\/\/angh.net\/congres\/wp-json\/wp\/v2\/pages\/9\/revisions"}],"predecessor-version":[{"id":772,"href":"https:\/\/angh.net\/congres\/wp-json\/wp\/v2\/pages\/9\/revisions\/772"}],"wp:attachment":[{"href":"https:\/\/angh.net\/congres\/wp-json\/wp\/v2\/media?parent=9"}],"curies":[{"name":"wp","href":"https:\/\/api.w.org\/{rel}","templated":true}]}}